 = l**3 + l + 1. What is i(b)?
-1
Suppose -n = -5*n + 12. Let v(a) = -6*a**2 - 2 + 2 - 5*a + 10*a + a**n. What is v(5)?
0
Suppose -h = 3 + 4. Let a(x) = x**3 + 8*x**2 + 7*x - 1. Determine a(h).
-1
Let m(b) = 6*b**2 + 3*b + 2. Let n be m(-2). Suppose 5*q + n = 5*f, q = -q + 3*f - 8. Let r(k) = -k**2 - 4*k + 2. What is r(q)?
2
Suppose -6*t + t = -3*r - 29, -4*t + 3*r + 25 = 0. Let n(s) = -3*s - 3 + t*s**2 + 5 - 6*s**2. Suppose -v + 3*v + 6 = 0. Give n(v).
-7
Suppose 0 = -0*r - 3*r + 18. Suppose y - r*y = 0. Let j(k) = -4 + 5 - k + y. What is j(1)?
0
Let h(q) = -14*q**3 - 2*q**2 + 15*q - 15. Let o(y) = -7*y**3 - y**2 + 7*y - 7. Let a(l) = 6*h(l) - 13*o(l). What is a(1)?
8
Let l(k) = 4*k**3 - 4*k**2 - 6*k - 7. Let u(m) = 4*m**3 - 3*m**2 - 5*m - 6. Let a(i) = 5*l(i) - 6*u(i). Calculate a(-1).
3
Let v = -5 - -7. Suppose v*a - a = 5. Let h(s) be the third derivative of s**4/24 - 5*s**2. What is h(a)?
5
Suppose 3*t = -10 - 2. Let p(y) = -4 - y**2 + 2*y**2 + y + 2*y. Give p(t).
0
Let r(p) = 2*p**3 + p - 1. Suppose 2*w - 5*w + 6 = 0. Suppose -5*q - 13 = 4*k - w, 0 = -4*q - k. Determine r(q).
2
Suppose -5 = -n + 1. Let v(o) = -o + 12. What is v(n)?
6
Suppose 11 = -8*j - 45. Let v(f) = f**3 + 7*f**2 + f - 5. Determine v(j).
-12
Let k(p) = -p**2 + 2*p + 1. Suppose 21*n - 5 = -26. Determine k(n).
-2
Suppose 3 + 15 = -3*n. Let k(g) = 2166*g - 1 - 2160*g + 3*g**2 - 2*g**2. Calculate k(n).
-1
Let i be (-2)/(-5) + 28/(-20). Let a be 0*i/(-2) - -2. Let c(o) = 4 + 0 - a - o. Determine c(4).
-2
Let c be 4*((-15)/6)/(-5). Let t(i) = i - 5. Let f be t(c). Let g(h) = -h**3 - 3*h**2. What is g(f)?
0
Let m(x) = -2*x - 4. Let o(s) = 2*s + 9. Let y be 170/(-30) - 2/6. Let b be o(y). Let h(q) = q + 3. Let k(l) = b*m(l) - 4*h(l). What is k(3)?
6
Let p be (-1 - -2)*-1 + 5. Suppose -16 = -p*r - 0*r. Let s(x) = r - 4 - 2 - 3*x. What is s(2)?
-8
Let n = 11 - 6. Let p = -8 + n. Let d(u) = 5*u**2 - 51 - 2*u**3 - u**2 + 48 + 3*u**3. What is d(p)?
6
Suppose 5*a = -5 - 5. Let i = 0 + a. Let d(c) be the third derivative of 5*c**4/24 + c**3/2 + c**2. Determine d(i).
-7
Let b(x) = 5*x**3 + x**2. Let p be 6 - (0 + 1) - 8/2. Determine b(p).
6
Let k be 225/21 + (-8)/(-28). Let j = 7 - k. Let r(w) = w**2 + 6*w + 2. Give r(j).
-6
Let y = 2 - -1. Let u(l) = y + 2*l + 0*l**2 - l**2 - 1 + 3*l**2. Let p = -5 - -3. Give u(p).
6
Let x(b) = 1. Let a(j) = -j - 6. Let q(n) = -a(n) - x(n). Give q(-5).
0
Suppose 2*x - 5 = 7*x. Let u(k) = 3*k - 2. Let m be u(2). Let q(g) = 21*g**2 - 7*g + 9. Let a(v) = -11*v**2 + 4*v - 5. Let n(b) = m*q(b) + 7*a(b). What is n(x)?
8
Let x(u) = u**3 + 3*u**2 + 3*u + 4. Suppose 0*m = 2*m - 2*f - 2, -5*m - 4*f = 4. Suppose 0 = -m*z + 4*z - 24. Let s be z/5*10/(-4). Give x(s).
-5
Let y(s) = 2*s - 2. Suppose -11*p - 24 = -7*p. What is y(p)?
-14
Let v(d) = 4*d + 1. Suppose -5*k = 7 - 2. Determine v(k).
-3
Suppose -6 = 4*v + 2. Let h(m) = 5*m - 33. Let r(f) = -f + 8. Let b(u) = v*h(u) - 9*r(u). Calculate b(-6).
0
Let s be 3 - 2 - (-1)/(-1). Let o(p) be the second derivative of -p**5/20 - p**4/12 + p**3/6 - 5*p. Determine o(s).
0
Let q be 4*-158*3/(-24). Suppose -12 = 3*j, -5*d - 4*j + 33 = q. Let r(b) = b**2 + 4*b - 2. Calculate r(d).
10
Let d(l) = -4 - 4 + 0 + 3 + l. Give d(3).
-2
Let f(o) = 0*o + 3 + o + 4*o. Suppose -2*y = 3*n + 8, -3*y + 10 = -4*y - 3*n. Suppose -y*c - 29 = -5*h, 3*c - 3*h = 2*h - 31. Calculate f(c).
-7
Let b(n) = -n**2 - n. Let l(h) = -2*h**2 - 6*h - 1. Let s(i) = 5*b(i) - l(i). Let d(f) = -f**2 - 7*f - 7. Let y be d(-6). Determine s(y).
-3
Let x be (-3 - 46/(-14))*7. Let z = 10 + -6. Let a(d) = -z*d - 2 - 2*d + 7*d. Determine a(x).
0
Let d(g) = -2*g - 4. Let o(l) = -l**2 - 5*l + 4. Let a be o(-5). Suppose 0*u + 8 = a*u. Let p be 108/(-20) + u/5. Give d(p).
6
Suppose -12 = 3*v - 5*v. Let u(j) = v + 5*j - 8*j + 0. Let g be (8/(-6))/((-3)/9). Give u(g).
-6
Let t be 36/21 + 2/7. Suppose t*n - n = 5. Let z(i) = -i + 5. What is z(n)?
0
Let x be (-5)/(70/(-6)) + 77/49. Let s(a) = a**3 + 2*a - 3. Determine s(x).
9
Let n(i) = -2*i + 6. Let v be n(0). Let w(u) = -u**3 + 7*u**2 - 4*u - 6. What is w(v)?
6
Let q(w) = 1 + 11*w**3 - 23*w**3 + 13*w**3. Determine q(0).
1
Let k(w) = -w - 4. Let d be -3 + 1*(-4)/4. Determine k(d).
0
Let d be (-15)/3*6/(-5). Let v(n) = -n - 4. Calculate v(d).
-10
Suppose 0*b - b - 11 = 0. Let l = b - -16. Let s(w) = w**3 + w**2 + 1. Let a(h) = -3*h**3 + 2*h**2 + 3*h + 3. Let g(r) = -a(r) - 2*s(r). What is g(l)?
5
Let m be 1/2*-2*-5. Suppose 24 = r - m*f, -r = 2*f - f. Let b(i) = -i**3 + 4*i**2 - i - 1. What is b(r)?
-5
Let a(j) = -j**2 - 2*j - 3. Let i = -10 - -15. Suppose 4*r = -20, -i = -c + 6*c - r. What is a(c)?
-3
Let t be 33/6 - (-6)/(-4). Let u(o) = 5 + 2*o - 2 - 4*o**3 - t. Suppose a - 8 = -3*j + 2*a, -17 = 3*j + 4*a. What is u(j)?
-3
Let t = 10 + -15. Let n be 2 - (1 + -2 - 0). Let d(x) = -1 - 4*x**2 - x**n + 4*x + x + 0*x. Give d(t).
-1
Let h(w) = 5*w**3 + 2*w**2 + w. Let c = -15 - -10. Let z = c - -5. Let l(t) = -t**3 + t**2 + t - 1. Let x be l(z). Calculate h(x).
-4
Let y(t) be the third derivative of 0*t + 0 - 1/15*t**5 + 1/3*t**4 + 6*t**2 - 1/120*t**6 + 2/3*t**3. Give y(-5).
-11
Suppose 4*d + 8 = 3*r - 27, 4*r = -4*d. Let y = 5 + r. Suppose -6*f = -f + y. Let u(a) = -a**3 - 2*a**2 - 3*a - 2. Calculate u(f).
4
Let u = 3 - 8. Let o be (-70)/21*6/5. Let d(g) = -13*g + 6. Let i(m) = 12*m - 5. Let t(s) = o*d(s) + u*i(s). What is t(1)?
-7
Let x(b) = -b**2 - 5*b - 3. Let p = -29 + 26. Give x(p).
3
Let o(c) be the second derivative of -c**4/12 + 2*c**3/3 - c**2/2 - 44*c. Let k(h) = h**2 - 4*h. Suppose 0*i + 3*i = 15. Let l be k(i). Determine o(l).
-6
Let b(v) = -v + 1. Let j(m) = 3 + m + m**3 + 2*m + 3*m**2 + 1 + 0*m**3. Let f be j(-3). What is b(f)?
6
Let q(t) be the first derivative of 3/2*t**2 - 2 + 2*t. Calculate q(-2).
-4
Let g(a) be the first derivative of -3*a**2/2 - 2*a - 2. Let w be g(-2). Let u(z) = z**2 + 0*z + 2*z - w*z. Give u(4).
8
Let n(g) = -2*g - 8. Let k be n(-8). Suppose d - 5*d + k = 0. Let i(m) = 6 - 5*m + m**d - 1 - 3. Give i(5).
2
Let z(c) = -c**2 - c + 8. Suppose -a - 2*a + 2*u = 0, 4*u = -5*a. Calculate z(a).
8
Let f(r) = -2*r - 8. Let x be f(-7). Let n(j) be the first derivative of 2*j**2 + 2 + 8*j - 1/3*j**3. Calculate n(x).
-4
Let l(o) be the second derivative of -1/20*o**5 + 0 - 5*o - 7/6*o**3 - 1/2*o**4 - 3*o**2. What is l(-4)?
-10
Let t(h) be the second derivative of -1/6*h**3 + 2*h - h**2 + 0. Let v = 11 + -13. Give t(v).
0
Let x(f) = -f**2 + 6*f - 1. Let i = 2 - 0. Suppose c = -i*c, -n + 3*c = -5. Give x(n).
4
Let a(q) = 0*q + 3*q - 2*q. Suppose 20 = -3*h + 8*h. Let y = 7 - h. What is a(y)?
3
Let h(z) = -3*z**3 + 7*z**2 - 8*z. Let f(b) = -b**3 + b**2 - b - 1. Let o(r) = -4*f(r) + h(r). Calculate o(-4).
4
Let i(y) = -y**3 - y - 1. Let g(o) = -5*o**3 - 5*o**2 - 5*o - 8. Let j(w) = -g(w) + 6*i(w). What is j(5)?
-3
Suppose -5*s - 8 = -3*s. Let f(b) = -6*b - 6. Determine f(s).
18
Let g(f) = f**3 - 9*f**2 - 5*f. Let u be g(9). Let z be u/20 - (-2)/8. Let m be 3*(-3)/(-9)*z. Let k(y) = -3*y**2 - 3*y - 3. Calculate k(m).
-9
Suppose -3*v = 2*t - 13, 2*v - 7 = -3*t + 5. Suppose -v*c = 13 - 7. Let z(u) = 2*u**3 + 3*u**2 + u - 1. Determine z(c).
-7
Let y(b) be the second derivative of -b**5/30 - b**4/24 + b**2 + b. Let j(m) be the first derivative of y(m). What is j(1)?
-3
Let b(o) be the second derivative of 0 + o**2 - 1/2*o**3 + 8*o. Let y be 2/5 - (-24)/(-10). Calculate b(y).
8
Let x(l) = 6*l - 3. Let d be 3/((-6)/4 + 3). Determine x(d).
9
Let u(v) = -v**3 - 5*v**2 + 6*v. Suppose 10 = -2*h, 5*i + 0*i - 3*h = -15. Determine u(i).
0
Let m(w) = 0 - 4 + 7 + 3*w. What is m(-4)?
-9
Suppose 2*n + n = 27. Suppose -2*v + n = -1. Let d(r) = 1 + r - v*r + 4*r - r. Determine d(1).
0
Let x be (-6)/4*(-8)/(-6). Let d be 3 + (-1 - (x + 1)). Let y(i) = -2*i - 1 + d*i + 0*i. Determine y(5).
4
Let f(q) = q - 13. Let r be f(16). Suppose -2*j = -m - 13, j = 4*m + r + 7. Let u(n) = n**3 - 5*n**2 - 4*n. What is u(j)?
12
Let g(h) = -8*h + 4. Let p = 189 + -192. Calculate g(p).
28
Let d(m) = m**3 - 7*m**2 + 5*m + 7. Let j(q) = -q**2 - 8*q - 1. Let b be -7*((-4 - -3) + 2). Let o be j(b). Calculate d(o).
1
Let i(m) = m + 5. Let t be i(-5). Let h(p) = t*p**2 + 4 - 1 + p + p**2. Let f(a) = a + 5. Let d be f(-5). What is h(d)?
3
Let 